hat are the prime factors of 6123024?
2, 3, 101, 421
What are the prime factors of 1583450?
2, 5, 11, 2879
List the prime factors of 2416826.
2, 1208413
What are the prime factors of 22631780?
2, 5, 743, 1523
What are the prime factors of 3046433?
13, 234341
What are the prime factors of 21329316?
2, 3, 37, 67, 239
What are the prime factors of 2552800?
2, 5, 3191
What are the prime factors of 1590447?
3, 29, 101, 181
List the prime factors of 2042474.
2, 7, 37, 3943
List the prime factors of 110989.
110989
List the prime factors of 3408066.
2, 3, 189337
List the prime factors of 805181.
13, 241, 257
List the prime factors of 1387790.
2, 5, 107, 1297
List the prime factors of 232102.
2, 13, 79, 113
List the prime factors of 16548951.
3, 101, 54617
List the prime factors of 175342.
2, 87671
List the prime factors of 809472.
2, 3, 17, 31
List the prime factors of 1653547.
7, 53, 4457
List the prime factors of 195183.
3, 7229
What are the prime factors of 6180812?
2, 11, 140473
What are the prime factors of 475965?
3, 5, 7, 1511
List the prime factors of 4165277.
23, 97, 1867
List the prime factors of 801713.
11, 72883
List the prime factors of 204260.
2, 5, 7, 1459
List the prime factors of 580497.
3, 23, 47, 179
List the prime factors of 4109358.
2, 3, 11, 19, 29, 113
What are the prime factors of 80804?
2, 20201
List the prime factors of 179770.
2, 5, 17977
List the prime factors of 558747.
3, 7, 181
List the prime factors of 1135237.
1135237
List the prime factors of 236236.
2, 7, 11, 13, 59
List the prime factors of 12497813.
409, 30557
List the prime factors of 3350408.
2, 73, 5737
What are the prime factors of 83712?
2, 3, 109
What are the prime factors of 1245891?
3, 73, 5689
List the prime factors of 344029.
7, 17, 59
List the prime factors of 511519.
511519
What are the prime factors of 9591652?
2, 7, 6991
List the prime factors of 312527.
312527
List the prime factors of 1683151.
139, 12109
What are the prime factors of 2638305?
3, 5, 19543
List the prime factors of 3346.
2, 7, 239
What are the prime factors of 911703?
3, 13, 97, 241
List the prime factors of 620972.
2, 11, 1283
List the prime factors of 231248.
2, 97, 149
List the prime factors of 2291546.
2, 1145773
List the prime factors of 98278.
2, 49139
What are the prime factors of 3248993?
11, 295363
List the prime factors of 937732.
2, 67, 3499
What are the prime factors of 8944013?
13, 397, 1733
What are the prime factors of 430221?
3, 11, 13037
What are the prime factors of 1186986?
2, 3, 197831
List the prime factors of 1480611.
3, 11, 44867
What are the prime factors of 33378908?
2, 263, 31729
What are the prime factors of 14412782?
2, 7206391
What are the prime factors of 775716?
2, 3, 127, 509
List the prime factors of 316324.
2, 31, 2551
List the prime factors of 1010452.
2, 157, 1609
List the prime factors of 210038.
2, 105019
What are the prime factors of 3563597?
23, 41, 3779
What are the prime factors of 2319812?
2, 11, 4793
What are the prime factors of 6603097?
29, 227693
List the prime factors of 12782248.
2, 1597781
What are the prime factors of 181068?
2, 3, 79, 191
List the prime factors of 19194.
2, 3, 7, 457
List the prime factors of 6010588.
2, 17, 157, 563
List the prime factors of 63832.
2, 79, 101
List the prime factors of 3768800.
2, 5, 7, 673
What are the prime factors of 6455356?
2, 47, 34337
What are the prime factors of 14010446?
2, 619, 11317
List the prime factors of 274495.
5, 13, 41, 103
What are the prime factors of 168748?
2, 42187
What are the prime factors of 4012627?
4012627
List the prime factors of 4747.
47, 101
List the prime factors of 14250067.
13, 1096159
What are the prime factors of 2497667?
2497667
List the prime factors of 227712.
2, 3, 593
What are the prime factors of 26862966?
2, 3, 13, 114799
What are the prime factors of 10736504?
2, 1342063
List the prime factors of 9903068.
2, 7, 353681
What are the prime factors of 423057?
3, 31, 4549
What are the prime factors of 489931?
13, 223
List the prime factors of 229103.
7, 23, 1423
List the prime factors of 442582.
2, 7, 101, 313
What are the prime factors of 996914?
2, 17, 109, 269
What are the prime factors of 6780028?
2, 37, 61, 751
List the prime factors of 759181.
759181
What are the prime factors of 5814444?
2, 3, 181, 2677
What are the prime factors of 114798?
2, 3, 19, 53
What are the prime factors of 506272?
2, 13, 1217
List the prime factors of 1355765.
5, 263, 1031
What are the prime factors of 560097?
3, 62233
List the prime factors of 2965695.
3, 5, 197713
List the prime factors of 215415.
3, 5, 4787
List the prime factors of 9145899.
3, 7, 31, 223
List the prime factors of 1118540.
2, 5, 55927
What are the prime factors of 226735?
5, 137, 331
List the prime factors of 15500368.
2, 13, 74521
List the prime factors of 218656.
2, 6833
What are the prime factors of 403194?
2, 3, 11, 41, 149
What are the prime factors of 1286161?
103, 12487
What are the prime factors of 19950146?
2, 17, 586769
List the prime factors of 1054206.
2, 3, 58567
List the prime factors of 637458.
2, 3, 106243
List the prime factors of 308065.
5, 61613
List the prime factors of 21714055.
5, 11, 19, 1889
What are the prime factors of 257110?
2, 5, 7, 3673
List the prime factors of 1999490.
2, 5, 79, 2531
What are the prime factors of 2989738?
2, 1494869
What are the prime factors of 7619565?
3, 5, 507971
List the prime factors of 11561329.
13, 19, 46807
List the prime factors of 392042.
2, 7, 41, 683
List the prime factors of 889441.
7, 61, 2083
List the prime factors of 3234967.
191, 16937
List the prime factors of 5895033.
3, 29, 67759
List the prime factors of 2484010.
2, 5, 248401
List the prime factors of 374853.
3, 124951
List the prime factors of 13232086.
2, 7, 17, 53, 1049
List the prime factors of 399709.
41, 9749
List the prime factors of 17925.
3, 5, 239
List the prime factors of 184631.
184631
What are the prime factors of 10587?
3, 3529
What are the prime factors of 5326479?
3, 19, 3461
What are the prime factors of 2655251?
2655251
What are the prime factors of 102643?
102643
What are the prime factors of 5907268?
2, 1476817
List the prime factors of 25774528.
2, 13, 2383
List the prime factors of 102507.
3, 47, 727
What are the prime factors of 27558741?
3, 7, 73, 17977
What are the prime factors of 6848264?
2, 103, 8311
What are the prime factors of 38650?
2, 5, 773
What are the prime factors of 345023?
7, 23, 2143
What are the prime factors of 2410346?
2, 1205173
What are the prime factors of 1549653?
3, 7, 109, 677
What are the prime factors of 2275496?
2, 461, 617
List the prime factors of 1488697.
7, 212671
List the prime factors of 611149.
7, 11, 7937
What are the prime factors of 188182?
2, 37, 2543
List the prime factors of 289969.
17, 37, 461
List the prime factors of 458057.
458057
What are the prime factors of 752210?
2, 5, 19, 37, 107
What are the prime factors of 197663?
157, 1259
List the prime factors of 7671747.
3, 29, 109, 809
What are the prime factors of 1980854?
2, 859, 1153
List the prime factors of 1123966.
2, 561983
List the prime factors of 305328.
2, 3, 6361
List the prime factors of 1707176.
2, 213397
List the prime factors of 833691.
3, 277897
List the prime factors of 3497158.
2, 7, 249797
List the prime factors of 5629280.
2, 5, 151, 233
What are the prime factors of 18171769?
7, 11, 235997
List the prime factors of 16663718.
2, 353, 23603
What are the prime factors of 318581?
318581
What are the prime factors of 94789?
94789
List the prime factors of 387393.
3, 139, 929
What are the prime factors of 1642746?
2, 3, 7, 39113
What are the prime factors of 9621501?
3, 31, 103457
What are the prime factors of 60542?
2, 30271
What are the prime factors of 15683?
15683
List the prime factors of 5261975.
5, 109, 1931
List the prime factors of 242917.
421, 577
List the prime factors of 116670.
2, 3, 5, 3889
List the prime factors of 220277.
181, 1217
What are the prime factors of 22699882?
2, 293, 38737
What are the prime factors of 258833?
41, 59, 107
What are the prime factors of 83179?
223, 373
What are the prime factors of 67532?
2, 16883
What are the prime factors of 5033966?
2, 7, 31, 1657
What are the prime factors of 3958760?
2, 5, 13, 23, 331
Lis